-51
Let d(c) = -73970*c + c**2 + 73981*c + 5 + 1. Calculate d(-6).
-24
Suppose -z + 21 + 11 = 0. Suppose -3*h - h = z. Let l = 6 + h. Let q(w) = 3*w. Give q(l).
-6
Let k(p) be the second derivative of -p**4/24 + p**3/6 - 5*p**2 - 20*p. Let x(i) be the first derivative of k(i). What is x(-4)?
5
Let l(b) = -b**2 - 4*b - 8. Suppose -3*n + 105 = -57. Let q = -60 + n. Give l(q).
-20
Let t be 4/((-32)/58) + 24/(-32). Let q(s) = s**3 + 9*s**2 + 7*s - 8. Determine q(t).
0
Let g = 136 - 143. Let q(r) = r**3 + 5*r**2 - 15*r - 10. Calculate q(g).
-3
Let w(n) = 4*n - 6. Suppose -7*l = -11*l + 8. Let b be w(l). Let x(p) = p**3 - p - 1. Calculate x(b).
5
Let y be (-157)/(-5) - (-2)/(-5). Let u = 28 - y. Let t(c) = -c - 2 + 5*c**3 - 4*c**3 + 3*c**2 - 3*c. Determine t(u).
10
Suppose 0 - 72 = 6*z. Let t(y) = -y**2 - 14*y + 6. Calculate t(z).
30
Suppose d = 3*n + 13 + 8, -4*n - 25 = -d. Let o(x) = 4*x - 27. What is o(d)?
9
Let b(y) = -5*y + 90. Let u be b(13). Suppose 4*i - 3*j = -j - 22, -3*j = -5*i - u. Let a(v) = v + 3. Give a(i).
-5
Let c(z) = z**2 - 5*z + 6. Let m be c(4). Let l(t) be the second derivative of -t**2 - 3*t + 0 - 1/6*t**3 + 1/12*t**4. Determine l(m).
0
Suppose 0 = -3*l + 4*s + 6, 2*l - 3*l + 2*s = -2. Let h(j) = j - 1 + 2*j**l + 3*j**2 + 4*j**2 - 3*j**2. What is h(1)?
6
Let b be 0 - (-6 + 1 + -1). Suppose 4*i = 6*i + b. Let f(n) = 5*n**2 - n + 4. Let w(r) = 2*r**2 + 1. Let g(h) = -f(h) + 3*w(h). Calculate g(i).
5
Let q(n) = -125*n**2 + 11 - n**3 + 64*n**2 + 2*n + 67*n**2 - 4. Let o be -1 + (1 - (0 - 6)). What is q(o)?
19
Let g(i) = -i**2 + 134*i - 882. Let z be g(7). Let o(q) be the second derivative of -1/3*q**3 + 0*q**2 - z*q + 0. What is o(5)?
-10
Let s = -28 + 39. Suppose 0 = -4*h - 5*i + 216, 3*h - 196 = 2*i - s. Let t(x) = 4*x**3 - h*x**2 + 63*x**2 - 5*x**3 - 3*x. Give t(3).
0
Suppose m + 57 = 4*m. Let c = m + -18. Suppose 2*v + c = -1. Let p(x) = 9*x**3 - x**2 + 1. Determine p(v).
-9
Let j = -71 + 100. Suppose 24*s - j*s = -20. Suppose -s*x + 24 = 3*i, -2*i + 6*i - 19 = -x. Let u(h) = 2*h + 1. What is u(x)?
7
Let j(w) = 34*w + w**2 - 194 - 2*w + 179 - 9*w - 11*w. Determine j(-12).
-15
Suppose g = -2*g + 9. Let r(j) = j**2. Let q(u) = 1 - 4*u**2 + u**2 - 4*u - 2*u**2. Let n(i) = -q(i) - 6*r(i). What is n(g)?
2
Suppose 0 = -2*p + 112 - 102. Let i(t) = -t + 9. Give i(p).
4
Let p be 1*21/14*-2. Let v(c) = -3*c - 6. What is v(p)?
3
Let j(o) = o**2. Let i(p) = 7*p**2 + 6*p + 1. Let d(k) = -i(k) + 6*j(k). Suppose 2*s = 3*m + 419 + 345, -3*m - 766 = -4*s. Let f = m + 250. Give d(f).
7
Let l(s) = 4*s**2 + s**3 + s - 1 + 0 + s**2 + 0*s**3. Calculate l(-2).
9
Let f(a) = a**3 + a**2 + 5. Let b = 10 + -11. Let w be (0/b - -1) + 1. Suppose z = w*z. Calculate f(z).
5
Suppose 0 = -m + 11 + 19. Let z be (-5)/m + (-19)/(-6). Let j(h) = 0 + 4*h - h**2 + 2 + 2. What is j(z)?
7
Let q be (-1 - 10/(-7)) + 212/371. Let r(y) = -10*y**2 - y + 2. Calculate r(q).
-9
Let c(x) = x**2 - x - 4. Let q be (2/7)/((-9)/(-21))*3. Suppose n + 2*n = 9. Suppose 0*m - m + n*a = 6, -5*a = -q*m - 11. Calculate c(m).
8
Let d(u) = -u**2. Let i(n) = -3*n**2 + 9*n + 9. Let v(w) = 4*d(w) - i(w). Let x be v(-2). Let s(q) = -q**2 + 7*q - 4. What is s(x)?
6
Suppose j = -5*n + 30, 24 = j + 4*n - 1. Let u(r) = -r + 3. What is u(j)?
-2
Let n be 15/20*(-8)/(-3). Let s(y) = -32 - y**n + 24 + 16. Calculate s(0).
8
Let k be 8/28 + (-2)/7. Suppose 3*s + 2*y - 23 = k, -4*s - y - 2*y = -32. Suppose -3*z = 5*t, -3*z + s*z = -5*t. Let g(v) = v - 7. What is g(z)?
-7
Let a(s) = s + 2. Let f be a(0). Suppose -17*l = -18*l + f. Let h(x) = 0 + 6 - 7*x**l + 5*x**2 + x + x**2. What is h(0)?
6
Let c(u) be the first derivative of -u**5/20 - u**4/3 - u**3/3 - u**2/2 - u - 6. Let z(m) be the first derivative of c(m). Determine z(-2).
-5
Let a = -2 - -5. Suppose -1 + a = g. Let x(h) = 7 - 3 + g*h - h + 1. Give x(-6).
-1
Let m(b) = -b**3 - 4*b**2 + 2*b - 5. Let f = 62 + -67. Calculate m(f).
10
Let v(a) be the second derivative of a**4/12 + 4*a**3/3 + a**2/2 - 14*a. What is v(-4)?
-15
Let g(d) be the second derivative of -1/2*d**2 + 0 - d + 5/6*d**4 - 1/6*d**3. Suppose 3*i + 3 = -0*i. Calculate g(i).
10
Let y(f) = -f + 13. Let u be 2812/285 + 4/30. Let r be u/75 - 118/(-15). Calculate y(r).
5
Let h = 38 + -39. Let j(k) = -9*k**3 - k**2. Let b be j(h). Let z(l) = -l**3 + 8*l**2 - 2*l + 9. Determine z(b).
-7
Let t(s) = -2*s - 717 + 4*s + 719 - 4*s**2. Let a be -4 - 3*(-1)/(-3). Let l = 7 + a. Give t(l).
-10
Let y(c) = -c. Let s = -5 + 7. Let o(j) = -1. Let l(f) = s*o(f) - y(f). Suppose -3*z = -2*n - 5*z + 4, 4*n = -2*z + 12. What is l(n)?
2
Let d = -9 + 7. Let x = d - 10. Let a = x - -7. Let m(h) = -2*h - 1. Calculate m(a).
9
Let l(u) = u**2 + 7*u - 5. Let h be -9 - -2 - 0 - (-2 - -3). Give l(h).
3
Let j = -39 - -45. Suppose 10 = 4*x + 5*z, -5*x = -x + 3*z - j. Let d(u) = -3 - 3*u + 0*u**3 + u**3 + 2*u + u**2. Give d(x).
-3
Let a(w) = -w**3 + 7*w**2 + w - 9. Suppose 4*b = b - 69. Let v = -16 - b. Calculate a(v).
-2
Let p(n) = -10*n**2 + 3*n - 2. Suppose 56 - 61 = -5*z. What is p(z)?
-9
Let u be 0 + -6 - (-16)/2. Let w(z) = z**3 + 3*z**2 - 3*z - 4. Calculate w(u).
10
Let i be (-44)/12 + 4 - 4/(-6). Suppose 0*c - i = -c. Let x(r) = 4*r**3 + r**2 + r - 1. Determine x(c).
5
Let c(n) = n**2 + 1395 - 1387 - 17*n + 20*n. Determine c(-4).
12
Let h(c) = 1 + 7 - 8*c + 6 - 6 + c**2. Let i be (-418)/(-18) + (-6)/27. Let u = 29 - i. Calculate h(u).
-4
Let h(g) = -9*g + 17*g**2 - 6*g**2 - 6*g**2 + g - 3*g**2. What is h(6)?
24
Let k(s) = s**2 + 8*s + 10. Suppose 3*d + 14 = -d + 2*q, -3*d + 5*q - 28 = 0. Let f(x) = -76*x + 161*x - 77*x + 1. Let b be f(d). Calculate k(b).
3
Let r(i) = 0 + 2 + i**2 + 4*i - 2*i. Let g be 0 + 0 + 6*(-5)/10. Determine r(g).
5
Let r(j) = -12*j - 152. Let b be r(-13). Let a(o) = 8*o - 1. Calculate a(b).
31
Let y(u) be the third derivative of -u**5/40 - u**3/6 + 9*u**2. Let b(t) be the first derivative of y(t). Determine b(-2).
6
Let x(f) = -f**3 + 11*f**2 - 9*f - 1. Let h be x(10). Suppose 3*n + 21 = a, -4*n = 3*a - 6 - 5. Let v(q) = 3*q**3 + 4 + h*q - 5*q**2 - 2*q**3 - a*q. Give v(5).
4
Let v(t) = 0*t + 2 + t + 2*t. Let z(m) = -m**2 - 8*m - 8. Let b be z(-6). Suppose 4*r + b = -4. Determine v(r).
-4
Let p(q) = 8*q**2 - 2*q + 1. Suppose -2*t + 32 = -2*g - 52, 3*t + 4*g = 119. Let f = t + -40. Determine p(f).
7
Suppose 3*y = 5*y - 40. Let f(u) = u - y*u + 4 + 18*u. Suppose 1 = 5*x - 19. Determine f(x).
0
Let n(o) = o**2 - 4*o. Let a be -1 - (-20)/4 - (-1 - -2). Calculate n(a).
-3
Let g(w) = 4*w**2 + w**3 - 3*w**2 - 3*w + 4*w**2. Suppose -85*k + 35 = -92*k. Calculate g(k).
15
Let t(r) be the first derivative of r**4/4 - 4*r**3/3 + r**2/2 - 2*r + 1. Let h = -176 + 180. Calculate t(h).
2
Suppose -c + 1 = f, 5*f + 0*f + 3*c = 11. Let t(m) = f + 2*m - 5 + 5 - 3*m. Give t(9).
-5
Let a(c) = -3*c + 5. Let t = 79 + -96. Let o = -13 - t. Calculate a(o).
-7
Let l(m) be the third derivative of -m**6/120 - m**5/12 + m**4/24 + m**3/3 - m**2 + 23. What is l(-3)?
-19
Let s be (1/1 - 1) + 4. Suppose 0 = -5*a + 19*a. Let q(v) = 5*v - 8 + a - v**2 + 4. Determine q(s).
0
Let m(c) be the first derivative of -c**3/3 - 4*c + 432. What is m(0)?
-4
Let a(p) = -5*p**2 + 4*p - 5. Let q = -3 - 13. Let x = 11 + q. Let n(s) = -4*s**2 + 4*s - 5. Let c(g) = x*a(g) + 6*n(g). Determine c(-6).
7
Let m(k) = k**2 + 1 - 10 - 2 + 11. Calculate m(-4).
16
Suppose 0 = 72*i - 94*i - 528. Let t(a) = -a - 35. Determine t(i).
-11
Let j(o) = o**2 + 31*o + 65. Let c be j(-29). Let b(m) = -m**3 + 6*m**2 + 3*m + 6. Calculate b(c).
-22
Let l = 171 + -164. Let t(r) = -r - 5. Determine t(l).
-12
Let u(z) = 2*z - 1. Let p = 271 - 280. Give u(p).
-19
Let i(v) be the second derivative of v**5/20 - 5*v**4/12 - 4*v**3/3 + v**2/2 + 58*v. Let s = 4 - 3. Let p be 2/s + (1 - -3). Determine i(p).
-11
Suppose 2*c - 10 = -0*o + 4*o, 0 = o + 2*c. Let z be (-1)/o + 40/16 - 9. Let m(a) = -3*a - 2. What is m(z)?
16
Let r = 5 + 10. Suppose -m - 5*q = -r, 0 = 3*m - 5*q + 10 + 5. Suppose 2*j + 2*v = 6*v + 2, m = 5*j - 2*v - 5. Let p(i) = -4*i**2 + 1. Determine p(j).
-3
Let n(c) = 3*c + 27. Let d(z) = -13*z - 119. Let j(y) = -2*d(y) - 9*n(y). What is j(7)?
-12
Let o(v) = -v**3 - 5*v**2 + 6*v - 2. Suppose 0 = -0*i - 5*i + 10. Suppose 3*y = -i*u - 10 + 119, 0 = 5*u + 5. L